ase 9, what is -260 + -760753?
-761123
In base 4, what is -101022233323 + -1?
-101022233330
In base 5, what is 10334232 - 3242?
10330440
In base 10, what is -31373631 - 5?
-31373636
In base 13, what is 11 + 1950582?
1950593
In base 3, what is 10021010201 + 101002?
10021111210
In base 6, what is 2 - 30352341?
-30352335
In base 3, what is 22010022 - -20011201?
112022000
In base 10, what is 28 - 4776295?
-4776267
In base 13, what is -5 + -291996?
-29199b
In base 2, what is 10101100111 - -110000100100?
1000110001011
In base 16, what is -f4 - -143969?
143875
In base 14, what is 13 - 47a0c9?
-47a0b6
In base 14, what is -5 + c4abd4a?
c4abd45
In base 12, what is -648a1 + -274a?
-6742b
In base 16, what is 2 - 5db4?
-5db2
In base 12, what is 3a7 + 123658?
123a43
In base 16, what is -217 + -2f9?
-510
In base 2, what is -10011101101111111 - 100111011100?
-10100010101011011
In base 8, what is -37153 + -5210?
-44363
In base 4, what is -1003020323 - 13010?
-1003033333
In base 7, what is 15202466 - 22?
15202444
In base 8, what is 1121 - -250476?
251617
In base 8, what is -651451514 - 3?
-651451517
In base 5, what is -31140300432 + -4?
-31140300441
In base 5, what is -14243312433 + 2?
-14243312431
In base 16, what is -18ccb - -53?
-18c78
In base 7, what is -45656 - 104043?
-153032
In base 2, what is -100011010111000 + 1000000010000?
-11011010101000
In base 8, what is -441472 - -17?
-441453
In base 9, what is -3 - -21741587?
21741584
In base 16, what is 2ad15 - 2?
2ad13
In base 7, what is 130421601 + 20?
130421621
In base 8, what is 2211413030 - 0?
2211413030
In base 13, what is 554028 - 24?
554004
In base 15, what is 41a - -83b?
c56
In base 14, what is -75 - -144a77?
144a02
In base 12, what is 471a53 + 581?
472414
In base 8, what is -4 - 56764276?
-56764302
In base 14, what is 2 + -134451?
-13444d
In base 13, what is 1b - 586cb?
-586b0
In base 6, what is -1154 - 2231044?
-2232242
In base 12, what is 1 - 359379a?
-3593799
In base 7, what is 5 + 65023666?
65024004
In base 13, what is -97 + -41a43?
-41b0a
In base 12, what is 0 - -40099b?
40099b
In base 16, what is -79 - -325e90?
325e17
In base 3, what is 112120112100 + 211001?
112121100101
In base 16, what is -10ac - 63?
-110f
In base 7, what is -10314 - -2003202?
1662555
In base 2, what is 101 + -111011110110001100010100101?
-111011110110001100010100000
In base 13, what is 2263c7c - -4?
2263c83
In base 16, what is -320dc + -4e?
-3212a
In base 6, what is 5 + -4152515220?
-4152515211
In base 10, what is -2 + 13741459?
13741457
In base 12, what is -b08a8 - 29?
-b0915
In base 13, what is 1 + -181c6122?
-181c6121
In base 6, what is 24032240 + -31?
24032205
In base 2, what is -10110000010111000 - -1000111010111?
-10100111011100001
In base 4, what is 1021021 - -10212100?
11233121
In base 10, what is -2 - 7010644?
-7010646
In base 12, what is 17a - 132b0?
-13132
In base 6, what is 4150 - -1202141?
1210331
In base 14, what is -2269539 + 5?
-2269534
In base 5, what is 3342 - 111013302?
-111004410
In base 5, what is -2 - -200104240203?
200104240201
In base 11, what is 64445782 + 0?
64445782
In base 9, what is -1206778 + 11?
-1206767
In base 9, what is 4 + -25857345?
-25857341
In base 7, what is 1104 + -51451?
-50344
In base 5, what is 3 + 44423211?
44423214
In base 16, what is 2e2740 - 3?
2e273d
In base 9, what is 110 + 80177?
80287
In base 9, what is 1221674376 + -3?
1221674373
In base 2, what is -100010010011111 - 100011011000?
-100110101110111
In base 7, what is -222414 + -365?
-223112
In base 16, what is 4f6664 + b?
4f666f
In base 7, what is -21 - 13320135?
-13320156
In base 12, what is 765 - -3497?
4040
In base 12, what is -14775a8 + 37?
-1477571
In base 11, what is -2401635 - 2?
-2401637
In base 3, what is 1202021 - -100221110?
102200201
In base 3, what is -2 - 11112022212221?
-11112022220000
In base 15, what is 26216 + -64c?
25ab9
In base 10, what is -224 + -264898?
-265122
In base 15, what is 19975 - 65a?
1931a
In base 11, what is 99 + -77783?
-77695
In base 6, what is -1 + 321510205?
321510204
In base 4, what is 300120300 - 120123?
300000111
In base 7, what is -6651116 + 524?
-6650262
In base 2, what is -11100010011 - 110001100110111?
-110101001001010
In base 9, what is 31 + -1270547?
-1270516
In base 6, what is -4 - 40012105205?
-40012105213
In base 11, what is 313a909 + 46?
313a954
In base 16, what is 225d5e0 - 7?
225d5d9
In base 7, what is -121 + -5565424?
-5565545
In base 12, what is -7 - 1704694?
-170469b
In base 10, what is 63 + -265639?
-265576
In base 11, what is 17 - 4792?
-4776
In base 7, what is -31 + 3002341?
3002310
In base 8, what is -2 - 42565072?
-42565074
In base 13, what is -213b80 + -2?
-213b82
In base 15, what is -1 + 2c760?
2c75e
In base 12, what is -535044b + 27?
-5350424
In base 5, what is -43140 - -4044020?
4000330
In base 12, what is -2a74 + 9851b?
95667
In base 11, what is -1 + 300a12a1?
300a12a0
In base 5, what is 1044431 - 11312?
1033114
In base 13, what is a4b - -34269?
34cb7
In base 5, what is 1142242200 - -1210?
1142243410
In base 10, what is -30 + -132173?
-132203
In base 5, what is -113 - 413433301?
-413433414
In base 8, what is 17372 + 416?
20010
In base 6, what is 14004431 - 243?
14004144
In base 14, what is -2c287 + 31?
-2c256
In base 8, what is -14 - -3412374?
3412360
In base 5, what is 10114042 + 41?
10114133
In base 9, what is -1616 + -131283?
-133010
In base 3, what is -11 + 221000000000222000?
221000000000221212
In base 3, what is -11212 + 1001101?
212112
In base 15, what is -8316 + 5c6?
-7c40
In base 8, what is 6337 + 174576?
203135
In base 3, what is -1010000222011102 + -2?
-1010000222011111
In base 9, what is 15577414 + 41?
15577455
In base 10, what is 48 - -2848645?
2848693
In base 12, what is 519b5960 + 5?
519b5965
In base 2, what is 10101 + -1001100100001101111110?
-1001100100001101101001
In base 12, what is -884 + 5414?
4750
In base 6, what is -2230123 - 142?
-2230305
In base 12, what is 0 - b59a7a?
-b59a7a
In base 8, what is -2350 - -2154?
-174
In base 4, what is -1201110 - 3112001?
-10313111
In base 6, what is 32140341 - 102?
32140235
In base 2, what is 101110100110 - -11110100001?
1001101000111
In base 7, what is 5510 - -511365?
520205
In base 5, what is 10240040110 - 1?
10240040104
In base 4, what is -1223 + -3303003?
-3310232
In base 14, what is -4 + 605dd3d?
605dd39
In base 9, what is 164481 - 1418?
163062
In base 11, what is -4328 - -1734?
-26a4
In base 13, what is -7 - 1584866?
-1584870
In base 10, what is 8944046 - -3?
8944049
In base 8, what is -213562630 - -16?
-213562612
In base 15, what is 22 - -46dc7?
46de9
In base 7, what is -1615650 - 113?
-1616063
In base 12, what is 33 + -5675b31?
-5675aba
In base 3, what is 211012 - -10120022101?
10121010120
In base 15, what is -b7740 + c1?
-b766e
In base 15, what is 448e2c6 - -4?
448e2ca
In base 13, what is 2038 + -4389?
-2351
In base 7, what is -15662 + 1350365?
1331403
In base 10, what is -1040817 + 5?
-1040812
In base 4, what is 1112130 - -32331102?
100103232
In base 4, what is 11012 - -1312303101?
1312320113
In base 5, what is 321304432 - -44?
321310031
In base 11, what is 3 + 50748406?
50748409
In base 6, what is 1005 + 1502444?
1503453
In base 4, what is -2200232132 - 331?
-2200233123
In base 10, what is -4 + 107133199?
107133195
In base 9, what is 35773165 - -7?
35773173
In base 3, what is 100222 - -2101222111110?
2101222212102
In base 8, what is -232 - -321752?
321520
In base 16, what is 5 + -4674ded?
-4674de8
In base 3, what is -22101102 + 102022?
-21222010
In base 12, what is 43 + 491671?
4916b4
In base 10, what is 93588 + 85?
93673
In base 3, what is -21021121022 + -111110?
-21022002202
In base 14, what is 11914c - 10?
11913c
In base 11, what is 28a1731 + 5?
28a1736
In base 8, what is -601 - -1076764?
1076163
In base 7, what is -604 - 2636523?
-2640430
In base 15, what is 1b9ca3 + -3?
1b9ca0
In base 2, what is -100 - -110011010011011111?
110011010011011011
In base 9, what is 1716 - 585677?
-583861
In base 7, what is -103003422 + 3?
-103003416
In base 16, what is 436 + 71c?
b52
In base 10, what is 8372 + 54?
8426
In base 16, what is dda - 644f?
-5675
In base 14, what is -a1 + -7831?
-78d2
In base 11, what is -2604 + -636a1?
-661a5
In base 4, what is 13220132123 - 1?
13220132122
In base 4, what is 22